{"id":56,"date":"2021-04-20T12:16:39","date_gmt":"2021-04-20T10:16:39","guid":{"rendered":"https:\/\/pension-edison13.com\/home\/wordpress\/?page_id=56"},"modified":"2021-04-28T12:24:31","modified_gmt":"2021-04-28T10:24:31","slug":"anreise-lage","status":"publish","type":"page","link":"https:\/\/pension-edison13.com\/home\/wordpress\/anreise-lage\/","title":{"rendered":"Anreise\/Lage"},"content":{"rendered":"\n<p>Uns finden Sie in Obersch\u00f6neweide in Berlin Treptow-K\u00f6penick. Die Pension ist sehr ruhig gelegen und trotzdem \u00e4u\u00dferst&nbsp;verkehrsg\u00fcnstig. In der N\u00e4he ist der Freizeit- und Erholungspark FEZ Wuhlheide mit Wald, Badesee, Open -Air B\u00fchne, Kinder-Jugend Familliencenter. Au\u00dferdem lockt der Tierpark&nbsp; Berlin und&nbsp; man kann auch K\u00f6penick mit seiner Altstadt, den M\u00fcggelsee und anderen sch\u00f6nene Seen bewundern. Wir stellen Fahrr\u00e4der zur Verf\u00fcgung. Bitte voranmelden! Viele kleine und gro\u00dfe Gesch\u00e4fte -Einkaufscenter&nbsp; Obersch\u00f6neweide, Kino, Fitness, Sp\u00e4tkauf und Caf\u00e9s sind ganz in der N\u00e4he. Parkpl\u00e4tze sind reichlich in der Umgebung vorhanden. Die Stadtmitte (Alexanderplatz) ist ca. 10 km entfernt. Der Potsdamer Platz, Zoologischer Garten und&nbsp; Kurf\u00fcrstendamm sind&nbsp; auch schnell erreicht.<\/p>\n\n\n\n<iframe src=\"https:\/\/www.google.com\/maps\/embed?pb=!1m18!1m12!1m3!1d2430.8716075718144!2d13.511923715598947!3d52.46335264817851!2m3!1f0!2f0!3f0!3m2!1i1024!2i768!4f13.1!3m3!1m2!1s0x47a848b7b23c9a79%3A0x73b5cd9743aba031!2sEdisonstra%C3%9Fe%2013%2C%2012459%20Berlin!5e0!3m2!1sde!2sde!4v1618925219806!5m2!1sde!2sde\" style=\"border:0;\" allowfullscreen=\"\" loading=\"lazy\" width=\"600\" height=\"450\"><\/iframe>\n\n\n\n<p>So erreichen Sie uns schnell:<\/p>\n\n\n\n<p><a href=\"http:\/\/www.pension-edison13.de\/PE_map.pdf\">Karte als PDF Datei herunterladen<\/a><\/p>\n\n\n\n<ul class=\"wp-block-list\"><li>15 min vom Flughafen BER<\/li><li>2 Min. von der B 96A<\/li><li>5 Min. von der A 113<\/li><li>10 Min. von der A 100<\/li><li>M17, 21, 27, 37, 63, 67<\/li><li>S8 , S9 , S45, S46, S47, S85\/ S-Bahn Sch\u00f6neweide<\/li><li>S3 \/ S-Bahn Kahrshorst<\/li><\/ul>\n\n\n\n<ul class=\"wp-block-list\"><li><a href=\"http:\/\/www.bahn.de\/p\/view\/index.shtml\">Deutsche Bahn<\/a>\u00a0RB 24<\/li><\/ul>\n\n\n\n<ul class=\"wp-block-list\"><li><a href=\"http:\/\/www.bvg.de\/\">BVG<\/a>&nbsp;Offentliche Verhkehrsmittel<\/li><\/ul>\n\n\n\n<p><\/p>\n","protected":false},"excerpt":{"rendered":"<p>Uns finden Sie in Obersch\u00f6neweide in Berlin Treptow-K\u00f6penick. Die Pension ist sehr ruhig gelegen und trotzdem \u00e4u\u00dferst&nbsp;verkehrsg\u00fcnstig. In der N\u00e4he ist der Freizeit- und Erholungspark FEZ Wuhlheide mit Wald, Badesee, Open -Air B\u00fchne, Kinder-Jugend Familliencenter. Au\u00dferdem lockt der Tierpark&nbsp; Berlin und&nbsp; man kann auch K\u00f6penick mit seiner Altstadt, den M\u00fcggelsee und anderen sch\u00f6nene Seen bewundern. &hellip;<\/p>\n<p class=\"read-more\"> <a class=\"\" href=\"https:\/\/pension-edison13.com\/home\/wordpress\/anreise-lage\/\"> <span class=\"screen-reader-text\">Anreise\/Lage<\/span> Weiterlesen &raquo;<\/a><\/p>\n","protected":false},"author":1,"featured_media":0,"parent":0,"menu_order":0,"comment_status":"closed","ping_status":"closed","template":"","meta":{"footnotes":""},"class_list":["post-56","page","type-page","status-publish","hentry"],"_links":{"self":[{"href":"https:\/\/pension-edison13.com\/home\/wordpress\/wp-json\/wp\/v2\/pages\/56","targetHints":{"allow":["GET"]}}],"collection":[{"href":"https:\/\/pension-edison13.com\/home\/wordpress\/wp-json\/wp\/v2\/pages"}],"about":[{"href":"https:\/\/pension-edison13.com\/home\/wordpress\/wp-json\/wp\/v2\/types\/page"}],"author":[{"embeddable":true,"href":"https:\/\/pension-edison13.com\/home\/wordpress\/wp-json\/wp\/v2\/users\/1"}],"replies":[{"embeddable":true,"href":"https:\/\/pension-edison13.com\/home\/wordpress\/wp-json\/wp\/v2\/comments?post=56"}],"version-history":[{"count":9,"href":"https:\/\/pension-edison13.com\/home\/wordpress\/wp-json\/wp\/v2\/pages\/56\/revisions"}],"predecessor-version":[{"id":291,"href":"https:\/\/pension-edison13.com\/home\/wordpress\/wp-json\/wp\/v2\/pages\/56\/revisions\/291"}],"wp:attachment":[{"href":"https:\/\/pension-edison13.com\/home\/wordpress\/wp-json\/wp\/v2\/media?parent=56"}],"curies":[{"name":"wp","href":"https:\/\/api.w.org\/{rel}","templated":true}]}}