{"id":48,"date":"2021-04-20T12:11:47","date_gmt":"2021-04-20T10:11:47","guid":{"rendered":"https:\/\/pension-edison13.com\/home\/wordpress\/?page_id=48"},"modified":"2022-12-21T13:10:56","modified_gmt":"2022-12-21T12:10:56","slug":"agb-hausordnung","status":"publish","type":"page","link":"https:\/\/pension-edison13.com\/home\/wordpress\/agb-hausordnung\/","title":{"rendered":"AGB\/Hausordnung"},"content":{"rendered":"\n<h2 class=\"has-vivid-red-color has-text-color wp-block-heading\">AGB\u00b4s<\/h2>\n\n\n\n<p>Allgemeine Gesch\u00e4ftsbedingungen<\/p>\n\n\n\n<p>(1) Geltungsbereich Diese Gesch\u00e4ftsbedingungen gelten f\u00fcr Vertr\u00e4ge \u00fcber die mietweise \u00dcberlassung von Pensionszimmern. Zur Beherbergung, sowie alle f\u00fcr den Kunden erbrachten weiteren Leistungen der Pension. Weitervermietung und Untervermietung der \u00fcberlassenen Pensionszimmer, sowie deren Nutzung, zu anderen, als Beherbergungszwecke sind nicht gestattet.<\/p>\n\n\n\n<p>(2) Pensionsvertrag Der Pensionsvertrag kommt durch die Buchung eines Pensionszimmers durch den Kunden zustande. Die Pension best\u00e4tigt Ihnen ihre Zimmerbuchung per E-Mai l\/ telefonisch. Vertragspartner sind die Pension und der Kunde.<\/p>\n\n\n\n<p>(3) Zimmerbereitstellung Der Kunde erwirbt keinen Anspruch auf die Bereitstellung bestimmter Pensionszimmer.<\/p>\n\n\n\n<p>(4)Zimmer\u00fcbergabe Gebuchte Zimmer stehen den Kunden ab 15:00 Uhr des vereinbarten Anreisetages zur Verf\u00fcgung. Der Kunde hat keinen Anspruch auf fr\u00fchere Bereitstellung.<\/p>\n\n\n\n<p>(5)Zimmerr\u00fcckgabe Am vereinbarten Abreisetag sind die Pensionszimmer der Pension sp\u00e4testens um 10.45 Uhr ger\u00e4umt zur Verf\u00fcgung zu stellen. Danach kann die Pension \u00fcber den Ihm dadurch entstehenden Schaden hinaus f\u00fcr die zus\u00e4tzliche Nutzung des Pensionszimmers bis 16.00 Uhr einen Aufschlag in H\u00f6he von 50 % des vollen Listenpreises In Rechnung stellen, ab 18.00 Uhr den vollen Listenpreis in H\u00f6he von 100 % in Rechnung stellen. 5.1 Endreinigung Um unsere Zimmer auch f\u00fcr die n\u00e4chsten G\u00e4ste zu erhalten, erheben wir ein Pauschalbetrag in H\u00f6he von 5,00 \u20ac pro Zimmer. Bitte untersch\u00e4tzen Sie nicht die mit der Endreinigung verbundene Arbeit.<\/p>\n\n\n\n<p>(6)Preise Der Kunde ist verpflichtet, die Leistungen die von Ihm in Anspruch genommen wird, des weiteren f\u00fcr die Zimmer\u00fcberlassung vereinbarten Preise der Pension zu zahlen. Die vereinbarten Preise schlie\u00dfen die jeweilige gesetzliche Mehrwertsteuer ein.<\/p>\n\n\n\n<p>(7)Bezahlung Sie haben unterschiedliche M\u00f6glichkeiten Ihre Buchung zu bezahlen. Die Bezahlung erfolgt in Bar bei Anreise. Bei l\u00e4ngerem Aufenthalt, mindestens 10 Tage im voraus. Bezahlung mit Scheck oder Bank\u00fcberweisung erfolgt mindestens 10 Tage im voraus. Rechnungen der Pension sind binnen 7 Tage ab Zugang der Rechnung zahlbar. Die Pension ist berechtigt, aufgelaufene Forderungen jederzeit f\u00e4llig zu stellen und unverz\u00fcgliche Zahlung zu verlangen. Bei Zahlungsverzug ist die Pension berechtigt, zinsen in H\u00f6he von 4 % \u00fcber dem jeweiligen Diskontsatz der Deutschen Bundesbank zu berechnen.<\/p>\n\n\n\n<p>(8)Stornierung durch R\u00fccktritt des Kunden Bei Stornierung der Buchung durch den Kunden, im Zeitraum zwischen 30 und 23 Tagen vor der Anreise, wird keine Stornogeb\u00fchr f\u00e4llig. Zwischen 22 und 14 Tagen vor der Anreise ist eine Stornogeb\u00fchr von 45 % der Rechnungssumme f\u00e4llig. Bei absage unter 14 Tagen ist eine Stornogeb\u00fchr von 90 % der Rechnungssumme f\u00e4llig.Anreisen und Nichtanreisen werden mit 100% des Preises der gesamten Buchung berechnet.<\/p>\n\n\n\n<p>(9)R\u00fccktritt der Pension Ferner ist die Pension berechtigt, aus sachlich gerechtfertigtem grund vom Vertrag au\u00dferordentlich zur\u00fcck zutreten, beispielsweise falls h\u00f6here Gewalt oder nicht zu vertretende Umst\u00e4nde die Erf\u00fcllung des Vertrages unm\u00f6glich machen. Die Pension hat den Kunden von der Aus\u00fcbung des R\u00fccktrittsrechts unverz\u00fcglich in Kenntnis zu setzen.<\/p>\n\n\n\n<p>(10) Datenschutz F\u00fcr die Pension ist der Schutz der Privatsph\u00e4re wichtig Ihre Daten ben\u00f6tigen wir f\u00fcr die Buchung in unserer Pension. Sie sind notwendig um Ihnen einen reibungslosen Ablauf in unserer Pension bieten zu k\u00f6nnen. Diese Daten werden zur Identifizierung bei der Ankunft und als Kontaktm\u00f6glichkeit im Fall einer Ver\u00e4nderung der Buchung ben\u00f6tigt. Es werden Ihre Daten von uns nicht weiter an Dritte gegeben. Sie werden nur weitergegeben im Fall einer Rohheitsverletzung durch eine Strafverfolgung.<\/p>\n\n\n\n<p>(11) Rechtlicher Hinweis \/ Schlussbestimmungen Die Buchung ist gleichzeitig die Anerkennung der Vertragsbedingungen. Der Vertrag unterliegt dem deutschen Recht. Gerichtsstand f\u00fcr s\u00e4mtliche Streitigkeiten mit der Pension Edison 13 soweit rechtlich zul\u00e4ssig, Berlin (Deutschland).<\/p>\n\n\n\n<p>(12) Es obliegt dem Gast, mitgebrachte Gegenst\u00e4nde gegen\u00a0<strong>Diebstahl<\/strong>\u00a0oder Besch\u00e4digungen oder Zerst\u00f6rung zu versichern. Eine Haftung der\u00a0<strong>Pension <\/strong>bei deren Verlust,\u00a0<strong>Diebstahl<\/strong>, Besch\u00e4digung oder Zerst\u00f6rung wird ausgeschlossen.\u00a0<\/p>\n\n\n\n<h2 class=\"has-vivid-red-color has-text-color wp-block-heading\">HAUSORDNUNG<\/h2>\n\n\n\n<p>Der Aufenthalt in einer Pension vollzieht sich unter besonderen Bedingungen und erfordert von<\/p>\n\n\n\n<p>allen Bewohnern\/Bewohnerrinnen ein gro\u00dfes Ma\u00df an gegenseitiger R\u00fccksichtsnahme:Wir bitten Sie ihre gesamten pers\u00f6nlichen Sachen in ihrem Zimmer unterzubringen. Bitte keine Kleider im Bad oder Schuhe im Flur stehen lassen. Die K\u00fcche nach Benutzung bitte&nbsp; unverz\u00fcglich reinigen. Geschirr und T\u00f6pfe d\u00fcrfen nicht verschmutzt stehen gelassen werden. Essensreste k\u00f6nnen in den Frischhaltedosen im K\u00fchlschrank gegebenenfalls aufbewahrt und sp\u00e4ter in der Mikrowelle erw\u00e4rmt werden. Dieser Punkt ist zwingend erforderlich damit alle Mieter jeder Zeit die K\u00fcche in einem sauberen und einwandfreien Zustand vorfinden!!! W\u00e4sche der G\u00e4ste darf weder in den B\u00e4dern gewaschen werden, noch darf nasse Kleidung \u00fcber den Heizk\u00f6rpern getrocknet werden. Schmutzige W\u00e4sche bitte in den entsprechenden Wasch-Salons abgeben! Beim verlassen der B\u00e4der bitte s\u00e4mtliche pers\u00f6nliche Gegenst\u00e4nde mit auf Ihr Zimmer nehmen. Wer Sch\u00e4den am Geb\u00e4ude oder Inventar verursacht, haftet daf\u00fcr im Rahmen der gesetzlichen Bestimmungen. Diebstahl und vors\u00e4tzliche Sachbesch\u00e4digung werden unverz\u00fcglich zur Anzeige gebracht. Bei Abreise wird eine Begehung der Zimmer durch die Pensions-Leitung durchgef\u00fchrt. Ersatz f\u00fcr eventuelle Besch\u00e4digung und f\u00fcr verlorengegangene Schl\u00fcssel wird in Rechnung gestellt und sind bei Abreise in bar zu bezahlen. Mit R\u00fccksicht auf die Schlafenszeiten sollte eine Benutzung der Duschen in den Nachtstunden (22:00-06:00 Uhr) m\u00f6glichst vermieden werden. L\u00e4rm ist zu vermeiden. In der Zeit von 22:00-06:00 Uhr ist das Recht jedes Hausbewohners und der Anwohner auf Nachtruhe zu respektieren. Es wird ausdr\u00fccklich darauf hingewiesen, dass gegen L\u00e4rmbel\u00e4stigung im Interesse aller Pensionsbewohner Ma\u00dfnahmen gegen den Verursacher bis hin zur K\u00fcndigung des Pensionsvertrages getroffen werden k\u00f6nnen. Die Mittagsruhe von 13:00-15:00 Uhr ist einzuhalten. Es ist ausdr\u00fccklich verboten auf Treppengel\u00e4ndern zu rutschen, auf Fensterbrettern zu sitzen. Besucher k\u00f6nnen t\u00e4glich von 10:00 bis 22:00 Uhr empfangen werden. Die \u00dcbernachtung hausfremder Personen ist grunds\u00e4tzlich untersagt. Der Schl\u00fcssel darf nicht an fremde Personen \u00fcbergeben werden. F\u00fcr die Dauer des Aufenthaltes ist f\u00fcr eine Verwahrung und Sicherung der eigenen Sachen selbst zu sorgen. Die Pension Edison 13 \u00fcbernimmt keine Haftung. Das Halten und Mitbringen von Tieren ist nicht erlaubt. Waffen jeglicher Art d\u00fcrfen nicht in die Pension eingebracht werden. Das eigene Nachgehen wirtschaftlicher Zwecke innerhalb unseres Hauses kann nicht gestattet werden.<\/p>\n\n\n\n<p>Die Pensions-Leitung \u00fcbt das Hausrecht aus! In dringenden F\u00e4llen erlaubt sich die Pensions-Leitung,<\/p>\n\n\n\n<p>die Zimmer zur Aus\u00fcbung des Hausrechtes zu betreten, um Notwendiges zu veranlassen.<\/p>\n\n\n\n<p>Bei St\u00f6rung des Hausfriedens oder Versto\u00df gegen die Hausordnung ist die Pensions-Leitung befugt,<\/p>\n\n\n\n<p>geeignete Ma\u00dfnahmen zur Wiederherstellung der Ordnung zu treffen.<\/p>\n\n\n\n<p>Pensionsverweise k\u00f6nnen nach wiederholter Abnahmung oder bei groben Verst\u00f6\u00dfen gegen den<\/p>\n\n\n\n<p>Hausfrieden ausgesprochen werden.<\/p>\n","protected":false},"excerpt":{"rendered":"<p>AGB\u00b4s Allgemeine Gesch\u00e4ftsbedingungen (1) Geltungsbereich Diese Gesch\u00e4ftsbedingungen gelten f\u00fcr Vertr\u00e4ge \u00fcber die mietweise \u00dcberlassung von Pensionszimmern. Zur Beherbergung, sowie alle f\u00fcr den Kunden erbrachten weiteren Leistungen der Pension. Weitervermietung und Untervermietung der \u00fcberlassenen Pensionszimmer, sowie deren Nutzung, zu anderen, als Beherbergungszwecke sind nicht gestattet. (2) Pensionsvertrag Der Pensionsvertrag kommt durch die Buchung eines Pensionszimmers durch &hellip;<\/p>\n<p class=\"read-more\"> <a class=\"\" href=\"https:\/\/pension-edison13.com\/home\/wordpress\/agb-hausordnung\/\"> <span class=\"screen-reader-text\">AGB\/Hausordnung<\/span> Weiterlesen &raquo;<\/a><\/p>\n","protected":false},"author":1,"featured_media":0,"parent":0,"menu_order":0,"comment_status":"closed","ping_status":"closed","template":"","meta":{"footnotes":""},"class_list":["post-48","page","type-page","status-publish","hentry"],"_links":{"self":[{"href":"https:\/\/pension-edison13.com\/home\/wordpress\/wp-json\/wp\/v2\/pages\/48","targetHints":{"allow":["GET"]}}],"collection":[{"href":"https:\/\/pension-edison13.com\/home\/wordpress\/wp-json\/wp\/v2\/pages"}],"about":[{"href":"https:\/\/pension-edison13.com\/home\/wordpress\/wp-json\/wp\/v2\/types\/page"}],"author":[{"embeddable":true,"href":"https:\/\/pension-edison13.com\/home\/wordpress\/wp-json\/wp\/v2\/users\/1"}],"replies":[{"embeddable":true,"href":"https:\/\/pension-edison13.com\/home\/wordpress\/wp-json\/wp\/v2\/comments?post=48"}],"version-history":[{"count":4,"href":"https:\/\/pension-edison13.com\/home\/wordpress\/wp-json\/wp\/v2\/pages\/48\/revisions"}],"predecessor-version":[{"id":326,"href":"https:\/\/pension-edison13.com\/home\/wordpress\/wp-json\/wp\/v2\/pages\/48\/revisions\/326"}],"wp:attachment":[{"href":"https:\/\/pension-edison13.com\/home\/wordpress\/wp-json\/wp\/v2\/media?parent=48"}],"curies":[{"name":"wp","href":"https:\/\/api.w.org\/{rel}","templated":true}]}}