{"id":2,"date":"2021-04-20T10:18:07","date_gmt":"2021-04-20T08:18:07","guid":{"rendered":"https:\/\/pension-edison13.com\/home\/wordpress\/?page_id=2"},"modified":"2021-04-20T11:49:51","modified_gmt":"2021-04-20T09:49:51","slug":"beispiel-seite","status":"publish","type":"page","link":"https:\/\/pension-edison13.com\/home\/wordpress\/","title":{"rendered":"Start"},"content":{"rendered":"\n<h2 class=\"has-vivid-red-color has-text-color wp-block-heading\">Herzlich Willkommen in der Pension Edison 13<\/h2>\n\n\n\n<p>Preiswerte Unterkunftsm\u00f6glichkeiten unmittelbar in der N\u00e4he der Wuhlheide in Sch\u00f6neweide f\u00fcr Berlin Besucher, Ferieng\u00e4ste, Studenten, Monteure, WG, bed &amp; breakfast oder Wohnen auf Zeit.<\/p>\n\n\n\n<p>Unsere Pension befindet sich in einem frisch sanierten, modernen Haus mit einem sch\u00f6nen gestalteten Innenhof. Hier finden Sie eine famili\u00e4re Atmosph\u00e4re und buntes Publikum.<\/p>\n\n\n\n<p>Zum Mittags- und Abendessen bietet sich ein Besuch in der Pizzeria &#8222;Don Danielo&#8220; an.<\/p>\n\n\n\n<p>In unserer Cocktailbar &#8222;<strong>Bar Edison<\/strong>&#8220; k\u00f6nnen Sie Ihren Abend in einer angenehmen Atmosph\u00e4re genie\u00dfen<\/p>\n\n\n\n<figure class=\"wp-block-image size-large is-style-default\"><img loading=\"lazy\" decoding=\"async\" width=\"552\" height=\"265\" src=\"https:\/\/pension-edison13.com\/home\/wordpress\/wp-content\/uploads\/2021\/04\/fassade.jpg\" alt=\"\" class=\"wp-image-33\" srcset=\"https:\/\/pension-edison13.com\/wp-content\/uploads\/2021\/04\/fassade.jpg 552w, https:\/\/pension-edison13.com\/wp-content\/uploads\/2021\/04\/fassade-300x144.jpg 300w\" sizes=\"auto, (max-width: 552px) 100vw, 552px\" \/><\/figure>\n\n\n\n<p><\/p>\n","protected":false},"excerpt":{"rendered":"<p>Herzlich Willkommen in der Pension Edison 13 Preiswerte Unterkunftsm\u00f6glichkeiten unmittelbar in der N\u00e4he der Wuhlheide in Sch\u00f6neweide f\u00fcr Berlin Besucher, Ferieng\u00e4ste, Studenten, Monteure, WG, bed &amp; breakfast oder Wohnen auf Zeit. Unsere Pension befindet sich in einem frisch sanierten, modernen Haus mit einem sch\u00f6nen gestalteten Innenhof. Hier finden Sie eine famili\u00e4re Atmosph\u00e4re und buntes Publikum. &hellip;<\/p>\n<p class=\"read-more\"> <a class=\"\" href=\"https:\/\/pension-edison13.com\/home\/wordpress\/\"> <span class=\"screen-reader-text\">Start<\/span> Weiterlesen &raquo;<\/a><\/p>\n","protected":false},"author":1,"featured_media":0,"parent":0,"menu_order":0,"comment_status":"closed","ping_status":"closed","template":"","meta":{"footnotes":""},"class_list":["post-2","page","type-page","status-publish","hentry"],"_links":{"self":[{"href":"https:\/\/pension-edison13.com\/home\/wordpress\/wp-json\/wp\/v2\/pages\/2","targetHints":{"allow":["GET"]}}],"collection":[{"href":"https:\/\/pension-edison13.com\/home\/wordpress\/wp-json\/wp\/v2\/pages"}],"about":[{"href":"https:\/\/pension-edison13.com\/home\/wordpress\/wp-json\/wp\/v2\/types\/page"}],"author":[{"embeddable":true,"href":"https:\/\/pension-edison13.com\/home\/wordpress\/wp-json\/wp\/v2\/users\/1"}],"replies":[{"embeddable":true,"href":"https:\/\/pension-edison13.com\/home\/wordpress\/wp-json\/wp\/v2\/comments?post=2"}],"version-history":[{"count":7,"href":"https:\/\/pension-edison13.com\/home\/wordpress\/wp-json\/wp\/v2\/pages\/2\/revisions"}],"predecessor-version":[{"id":37,"href":"https:\/\/pension-edison13.com\/home\/wordpress\/wp-json\/wp\/v2\/pages\/2\/revisions\/37"}],"wp:attachment":[{"href":"https:\/\/pension-edison13.com\/home\/wordpress\/wp-json\/wp\/v2\/media?parent=2"}],"curies":[{"name":"wp","href":"https:\/\/api.w.org\/{rel}","templated":true}]}}